n divisor of y and t.
19
Suppose 3*d = 3 + 3. Suppose z = -3*z + 4. Suppose -z = -d*m + 31. What is the greatest common factor of m and 64?
16
Let s be 168/27 + 4/(-18). What is the greatest common factor of s and 21?
3
Let c = -2 - -6. Suppose -2*t = c*d - 8, 3*t - t - 35 = 5*d. Calculate the greatest common factor of 10 and t.
10
Let m = -3 + 4. Let n be (-4 + -18)/(-1*m). Calculate the greatest common factor of n and 33.
11
Suppose -5*v + 92 = -6*j + 9*j, -2*v + 20 = -3*j. Let r = 417 - 241. Calculate the greatest common divisor of r and v.
16
Let r(y) = -y**2 - 10*y - 5. Let n be r(-8). Let k(t) = 4*t + 1. Let x be k(n). What is the greatest common divisor of x and 30?
15
Let t = -24 + 36. Suppose 2*h - 5*p - 18 = 0, 2*h + 2*p + p = 2. Suppose 26 = h*n + 2. Calculate the greatest common divisor of n and t.
6
Let a(b) = -b**3 + 6*b**2 + 2*b - 2. Let o be a(6). Calculate the greatest common divisor of o and 15.
5
Let l = -605 - -957. Suppose 4*n = -4*b + l, -4*n + b + 349 = 4*b. Suppose 34 = -0*q + 2*q. What is the highest common factor of q and n?
17
Let h(t) = 4*t**2 - 6*t - 6. Let l be h(-3). Calculate the highest common divisor of l and 6.
6
Suppose -o + 4*o - 72 = 0. Let p = -17 + 21. Suppose 3 = -a - 3*n, 4*a + p*n = n + 33. Calculate the greatest common factor of o and a.
12
Suppose 2*s - 680 = -3*s - 5*d, -3*s = -3*d - 384. Suppose 0 = -4*c + 4*r + s, r - 119 = -3*c - 0*c. What is the highest common divisor of c and 57?
19
Let h(q) = -q + 14. Let n be h(7). Suppose 4*z + 12 = n*z. Calculate the greatest common divisor of z and 4.
4
Let c(h) = -h**2 - 6*h - 6. Let u be c(-5). Let x = u - -5. Calculate the highest common factor of 1 and x.
1
Suppose 2*v = -3*b + 300, v + 2*v - 2*b - 450 = 0. Suppose -5*s - v = -7*s. Let o = 9 - -6. Calculate the highest common divisor of s and o.
15
Let h(o) = o**3 + 9*o**2 + 5*o + 2. Let d be h(-6). Suppose -6 = -2*s - s. Suppose -3*y = -s*y - 10. What is the highest common factor of y and d?
10
Suppose -27*b + 1520 = -22*b. Calculate the greatest common divisor of b and 38.
38
Let h(r) be the first derivative of 195*r**2/2 + 3*r - 8. Let v be h(1). Calculate the greatest common divisor of 22 and v.
22
Let d(q) = q**3 + 7*q**2 - 2*q - 6. Let c be d(-6). Suppose 8*j - 30 = 3*j. Calculate the greatest common divisor of c and j.
6
Suppose -2*s - 96 = -5*s. Suppose -i - 8*l = -3*l - 105, -4*l = i - 100. What is the greatest common factor of s and i?
16
Let o be (-5)/(1*(1 - 0)). Let g(v) = v**3 + 5*v**2 + 6. Let i be g(o). Let j be ((-45)/10)/(i/(-8)). What is the highest common divisor of 60 and j?
6
Let u be 3/(((-6)/(-28))/1). Let p(w) = -w + 10. Let i be p(7). Let j be 2 - (-9)/i*11. What is the greatest common divisor of u and j?
7
Let a = -273 - -288. Suppose 2*q - 24 = -2*q. What is the highest common divisor of a and q?
3
Suppose -10*n + 8 = -5*n + 2*c, n - 3*c = 5. Calculate the greatest common divisor of 16 and n.
2
Suppose -4*y + 238 = -2*v, -5*v = -3*y + 188 + 8. What is the highest common factor of 19 and y?
19
Suppose 3*y - 72 = -4*j + 7*y, -18 = -j - 4*y. Let c = j + -13. Let k(q) = 2*q**2 + 5*q + 3. Let r be k(-4). Calculate the highest common factor of c and r.
5
Let o(y) = 4*y - 1. Let a be o(4). Suppose -q + 55 = 4*i, -4*i + 4*q + 51 = -29. What is the greatest common divisor of i and a?
15
Let l be (-9)/2*(3 + 7). Let o = -24 - l. What is the highest common divisor of o and 168?
21
Suppose 4*g - 2*u = -148, -84 = 2*g - 0*g + 4*u. Let x = 56 + g. What is the highest common divisor of 9 and x?
9
Suppose 3*m - r = 5, 0*r = r + 2. Let i be -3*1/(-3) - m. Suppose i = 3*q - q + 3*f - 33, 29 = q - f. What is the greatest common divisor of 60 and q?
12
Let u be 189/14 + 6/(-4). Calculate the highest common factor of u and 12.
12
Let j be (-4)/2 - -1*26. Suppose l = -l + j. Let h = -25 - -109. What is the greatest common factor of l and h?
12
Let r(d) = -d**3 + 4*d**2 - d - 1. Let f be r(3). Suppose f*o + 132 = 312. Calculate the greatest common divisor of 54 and o.
18
Let l = 2199 + -3595. Let v be (-4)/(-18) + l/(-36). Calculate the highest common factor of 26 and v.
13
Suppose -4*z = 4*r - 180, -5*z + 135 = 3*r - z. Let y be 0 + (1 - 2) - -10. What is the highest common factor of y and r?
9
Let r be 7/5 - (-9)/15. Calculate the greatest common divisor of r and 34.
2
Let q be -1 + ((-82)/4)/((-1)/2). What is the highest common factor of 80 and q?
40
Suppose -2*d + 152 = y, 4*y - 9 = -1. Calculate the greatest common divisor of d and 30.
15
Let a = -493 - -570. Let h = 7 + 0. Calculate the highest common factor of a and h.
7
Let p be (-17)/(-3) + 6/(-9). Let r = 63 + -41. Let h = 62 - r. What is the greatest common divisor of p and h?
5
Suppose 45 = 5*u - 0*u. What is the highest common factor of u and 36?
9
Let j(k) = -k + 11. Let w be j(0). Calculate the highest common factor of w and 143.
11
Let u be (-2)/(-9) - (2272/36)/(-4). Calculate the greatest common divisor of 336 and u.
16
Suppose -5*i - 1 = -6, 2*a = -2*i + 46. Calculate the highest common divisor of a and 242.
22
Suppose 3*n + 2*n = 40. Let i(r) = r**2 + 2*r - 8. Let y be i(-6). What is the highest common factor of y and n?
8
Let p(y) = 27*y**2 - y + 2. Let q be p(1). Calculate the highest common divisor of q and 42.
14
Suppose -5*b + 44 + 21 = 0. Let w = 11 + -7. Suppose -q - w*u - 268 = -6*q, 2*q - 2*u - 108 = 0. What is the greatest common divisor of q and b?
13
Suppose -4*a + 20 = 8. Suppose a*x = -5*r + 245, -4*r - 2*x + 6*x + 196 = 0. What is the highest common divisor of 7 and r?
7
Let b(p) = p**2 + 7*p - 10. Let z be b(-8). Let f be z/4*(-216 + -8). Calculate the greatest common divisor of 16 and f.
16
Let m be 21/84 + 326/8. Suppose 2*s - 11 - m = 0. What is the highest common divisor of s and 39?
13
Suppose -4*b + 75 = -b. Let z be 3 + (-3)/(6/(-14)). Calculate the highest common divisor of b and z.
5
Suppose -4*x = 5*y - 19, -8 = -2*y - 8*x + 6*x. Calculate the greatest common divisor of 9 and y.
3
Suppose -3*j + 80 = -j. Suppose 2*x + 2*x = j. Let z = 27 + -25. Calculate the greatest common divisor of z and x.
2
Suppose 0 = -5*z + 4*z + 14. Calculate the greatest common factor of 98 and z.
14
Let g be (-193)/(-4) + (-3)/12. Let b be 5 + 0/(-3 - -5). Suppose 0 = -v, -r - b*v + 160 = 4*r. Calculate the greatest common divisor of r and g.
16
Let y = 32 + -29. What is the greatest common factor of 33 and y?
3
Suppose 5*k = 17 - 2. Let r = 25 - 18. Suppose 5*o = -3*l + r, 3*l + 7 = -o + 3*o. What is the highest common divisor of k and o?
1
Let m(g) be the first derivative of -3*g**2 - 8*g - 5. Suppose 3*r - 5*r = 12. Let c be m(r). Calculate the greatest common divisor of 4 and c.
4
Let d(f) = 5*f**2 - 4*f - 14. Let q be d(5). What is the greatest common divisor of q and 13?
13
Suppose -5*s + 5*h + 15 = -25, -5*s + 44 = -4*h. Calculate the greatest common factor of 4 and s.
4
Let h be (1080/(-21))/(-3)*7. Suppose -z = 3*z - h. Calculate the greatest common factor of 15 and z.
15
Suppose 8*x = 5*x + 126. Calculate the highest common factor of 462 and x.
42
Suppose 0 = -5*j - 4*v + 113, 8*j - 4*j - 5*v - 74 = 0. What is the greatest common factor of j and 3?
3
Let j = -50 + 94. What is the greatest common factor of j and 11?
11
Suppose -n = -2*n + 90. Let o = 126 - n. Let s = 2 + 2. What is the highest common divisor of o and s?
4
Let z(l) be the first derivative of 2*l**3/3 - 3*l**2/2 - 9*l - 4. Let r be z(-6). Calculate the highest common divisor of r and 9.
9
Suppose m + 80 - 257 = 0. Let w = -92 + m. Let x(t) = 8*t**2 - 2*t - 2. Let z be x(-2). Calculate the highest common divisor of w and z.
17
Suppose -4*d + 4*l = -16, 2*d = -5*l + l + 26. Let u = -1 - -1. Suppose u = b - 7. Calculate the greatest common divisor of b and d.
7
Let h(c) = -3*c**3 - 30*c**2 + c + 22. Let x be h(-10). Let g = 2 + 28. What is the greatest common divisor of g and x?
6
Let y(a) = a**3 + 9*a**2 - 11*a - 10. Let s be y(-10). Suppose s = 2*d - 0*d - 24. Suppose 2*k - 12 = -0*k. Calculate the greatest common divisor of k and d.
6
Suppose 4*t = 37 + 3. Let b(p) = -p**2 + 13*p - 15. Let g be b(t). What is the highest common divisor of 15 and g?
15
Let c(l) = 8*l**2 - 7*l. Let y be (-5)/2*(-3 + 1). Let s be c(y). Let o be 1/(3*1/s). What is the